ermine a(z).
5
Suppose 0*r = -7*r + 42. Let a(c) be the second derivative of c**4/12 - c**3 - 5*c**2/2 - 3*c. Determine a(r).
-5
Let a(o) = -o**2 + 9*o - 3. Let y(v) = v**2 - 9*v + 1. Let h(l) = 3*a(l) + 2*y(l). Determine h(9).
-7
Let s(m) = 3*m + 2. Let y(o) = 16*o + 11. Let w(r) = 11*s(r) - 2*y(r). Let i(k) = 4*k. Let p(l) = -i(l) + 5*w(l). Suppose 2*c - 3 = c. What is p(c)?
3
Let l(z) = 5*z - 6. Let s(r) = 1. Let q(b) = l(b) + s(b). Let u(g) = -g + 1. Let x(m) = -q(m) - 4*u(m). Give x(-5).
6
Let t(v) be the second derivative of 3*v + 7/6*v**3 - 1/20*v**5 - 2*v**2 + 0 + 5/12*v**4. Give t(6).
2
Let m(o) be the third derivative of o**6/120 - o**5/20 - o**4/24 - o**3/2 + 11*o**2. Determine m(4).
9
Let p(m) = -5*m**2 + 4. Let n(k) = -6*k**2 - k + 5. Let a(j) = -2*n(j) + 3*p(j). What is a(3)?
-19
Let k(m) be the second derivative of m**6/120 - m**5/10 + 7*m**4/24 - 2*m**3/3 + m**2 - m. Let l(s) be the first derivative of k(s). Determine l(4).
-8
Suppose 4*f = f - 3*i - 3, -4*i = -4. Let b(z) = 2*z**3 - 3*z - 3. Give b(f).
-13
Let f(d) = -d + 18. Let a be f(16). Let y(g) = 4*g**2 - 2*g + 1. Calculate y(a).
13
Let i(l) = -l**2 - 4*l + 4. Let h be i(-5). Let m(q) be the third derivative of 0*q + 1/4*q**4 + 0 + 1/6*q**3 + q**2. Determine m(h).
-5
Let w(k) be the first derivative of -k**4/4 + 3*k**3 - k**2/2 + 5*k + 2. Let d be w(9). Let i(p) = -p**2 - 6*p - 5. What is i(d)?
3
Let m be (1 + -1)/((-1)/(-1)). Let b(c) be the third derivative of 9*c**2 - 1/24*c**4 + 0*c + 7/6*c**3 + 0. Determine b(m).
7
Suppose -5*j = -6 - 9. Suppose 5 = j*p - o - 0*o, 7 = 3*p + o. Let n(r) = 3*r - r - p + 3*r - 4*r. Determine n(2).
0
Let l(k) = 14*k**3 - 12*k**2 - 14*k + 8. Let x(s) = -5*s**3 + 4*s**2 + 5*s - 3. Let f(y) = -6*l(y) - 17*x(y). What is f(-5)?
-17
Let j(k) = 0*k - 6*k**2 - k**3 + k**2 + 2 - 1 + 7*k. What is j(-6)?
-5
Let h(r) = r**3 + r**2 + 3. Let w be h(0). Let b(i) = i**3 - 3*i**2 - 2*i**w - 2*i - i**2. Let z be b(-3). Let f(k) = -k**3 - 3*k**2 + k + 3. Calculate f(z).
0
Let f(n) = n - 1. Let u(t) = 3*t - 29. Let g be u(8). Determine f(g).
-6
Let u(p) = p**2 - 6*p - 1. Let o(w) = -4*w**2 + 18*w + 2. Let z(h) = 2*o(h) + 7*u(h). Calculate z(-5).
2
Let m(u) = 7*u + 8. Let s(y) = 3*y + 4. Let g(w) = 2*m(w) - 5*s(w). Calculate g(-3).
-1
Let s(g) = 5*g**3 - g**2. Let v(u) = u. Let w be v(1). Let d be (-1 + 1)/(-8 + 10). Suppose d = -4*x - w + 21, -5*x = -q - 24. Give s(q).
4
Let u = -12 - -7. Let f(m) be the third derivative of -2*m**2 + 1/6*m**4 - 1/6*m**3 - 1/15*m**5 + 0 + 0*m - 1/120*m**6. What is f(u)?
4
Suppose 0 = -3*i - 5*r + 5, 0 = i - 4*i - 2*r + 11. Let m(t) = -4 + 5*t + 2*t - i*t. Give m(5).
6
Let m(z) = -2*z**2 + 8*z. Let w(k) = k. Let d(j) = -m(j) + 4*w(j). Let h(x) = x**2 + 2*x - 3. Let t be h(-4). Let p = t - 2. What is d(p)?
6
Let u = -15 + 20. Let c(q) be the second derivative of q**3/6 - q**2 + q. Calculate c(u).
3
Let m(u) = -u**3 - 7*u**2 + 10. Let d = 14 + -21. Calculate m(d).
10
Let z(b) be the first derivative of b**5/120 + 2*b**3/3 + 5. Let o(p) be the third derivative of z(p). What is o(1)?
1
Let m(g) = 11 - 14 + 3 + 1 - 5*g**2 - g**3. Determine m(-5).
1
Let w(k) be the second derivative of 1/3*k**3 + 0 - 3*k + 1/2*k**2. Calculate w(-2).
-3
Let c = -1 + 2. Let i(v) = -1 + 4*v**2 - 5*v**2 + 7*v**2 + v - 2*v**2. Determine i(c).
4
Let k(j) be the first derivative of -j**4/4 + 2*j**3 - 2*j**2 - 7*j + 6. Calculate k(5).
-2
Let i(k) = 2*k - 13. Let g be i(7). Let d(x) = -3 + 2 - 3*x - g. Give d(-3).
7
Let f(v) = -v**2 - v. Suppose l + 4*l - 3*r - 9 = 0, -2*l = -r - 3. Calculate f(l).
0
Let l(p) be the second derivative of -p**3 + 6*p. Give l(-1).
6
Suppose u + 17 = 5*h - h, -2*u - 25 = -5*h. Let t(m) be the second derivative of 2*m + 4/3*m**3 - 1/3*m**4 - 1/20*m**5 + 0 + 3*m**2. Determine t(u).
-9
Let m(b) = -b**2 + 4*b. Let j = -171 + 176. Calculate m(j).
-5
Let g be (-981)/(-15) + 2/(-5). Suppose -3*j - 2*m - 85 = -30, 0 = -5*j + 2*m - g. Let o be -5*(39/j - -3). Let x(h) = -2*h**2 - 4*h - 2. Determine x(o).
-2
Let m(r) = r**2 + 10*r + 6. Let c be m(-9). Let b(f) = 5*f - 2. Give b(c).
-17
Let c be (-52)/10 - 1/(-5). Let o(w) = 2*w**2 + 5. Let k(v) = 3*v**2 + v + 10. Let x(d) = c*o(d) + 3*k(d). Let a = 2 + 3. Give x(a).
-5
Let j(o) = o**2 - o - 1. Let c(l) = -l**2 + 3. Let v(i) = -3*c(i) - 4*j(i). Let s = 8 - 4. Determine v(s).
-5
Let q(m) be the first derivative of m**4/4 - 4*m**3/3 + 5*m + 1. Let a = 7 - 5. Let n = 6 - a. Calculate q(n).
5
Let h(o) = -2*o**2 - 7*o - o**3 + 2*o**3 - 8 - 6*o**2 + 13*o. Give h(7).
-15
Let d(o) = -5*o**2 + 8*o + 17. Let p(t) = 2*t**2 - 4*t - 8. Let b(g) = 3*d(g) + 7*p(g). Let l be 1/2 + (-18)/4. Give b(l).
-5
Let v(r) be the third derivative of -r**4/24 + 3*r**2. Calculate v(-4).
4
Let q = 5 - 9. Let f(o) = 2*o**2 + 5*o + 5. What is f(q)?
17
Let n = -20 - -21. Let k(o) be the second derivative of o**5/4 - o**4/6 + o**2/2 + o. What is k(n)?
4
Let q(d) = d. Let a(j) = 1 + 3*j + 0*j + 0. Let i(o) = -3*a(o) + 8*q(o). Calculate i(0).
-3
Let s(f) = f**3 + 13*f**2 + 11*f - 10. Let p be s(-12). Let v(o) = -1 - 4 - p*o + 6 - 5*o**2. What is v(1)?
-6
Let y(a) = -a + 0*a - 1 + 3*a - a. What is y(1)?
0
Let w(a) be the first derivative of a**7/420 - a**5/120 - 4*a**3/3 + 3. Let i(z) be the third derivative of w(z). Calculate i(-1).
-1
Let k(q) = 3*q + 1. Suppose i + 2*r + 6 = -i, -3*r - 8 = 4*i. Let b be k(i). Let j(c) = -c**2 + 3*c + 5. Calculate j(b).
1
Let h(g) = g**3 - 7*g**2 + 6*g + 3. Suppose 4*y - 44 = -4*u, 0 = -u - 4*y + y + 21. Give h(u).
3
Suppose i = 3*c - 8*c + 29, -2*c = 3*i - 74. Let r(a) = 7 + 3*a**2 + i*a**3 + 4*a - 10*a**3 - 15*a**3 + a**2. Give r(5).
2
Let k(h) = -18*h**2 - 4*h**3 - h + 18*h**2. Let y be k(1). Let x(m) = m. Determine x(y).
-5
Let o(n) = -4*n - 2. Let z be o(5). Let x be z/(-10) - (-1)/(-5). Let t(d) = d + 0*d - d**x - d. Give t(-3).
-9
Suppose 12 = -0*s - 4*s. Let r(u) be the second derivative of -u**5/60 + u**3/2 + u**2/2 + 2*u. Let h(b) be the first derivative of r(b). What is h(s)?
-6
Let d(t) be the second derivative of 6*t + 1/2*t**2 + 0 - 7/6*t**3. Let f = 4 + -3. What is d(f)?
-6
Let u(z) be the third derivative of -1/60*z**5 - 4*z**2 - 1/120*z**6 - 5/3*z**3 + 0*z**4 + 0*z + 0. Give u(0).
-10
Let h be (3 - 5) + (-20)/(-5). Let a(r) = -3 + 6*r**h + 1 + r**3 + 5 - 1. Calculate a(-6).
2
Suppose 24 = -4*k - 4*k. Let y(i) = -i + 4. Give y(k).
7
Let m(g) be the first derivative of -5*g**2/2 - g - 5. Determine m(1).
-6
Let m(o) = 3 - 8*o + 2*o + 8*o - 1. What is m(2)?
6
Let y(g) be the second derivative of -g**3/6 + g**2/2 - 11*g. What is y(0)?
1
Let s(i) be the third derivative of -i**6/120 - i**5/20 + i**3/3 + 48*i**2. Calculate s(2).
-18
Let c(m) = m**2 - m - 1. Let v(d) = -d**3 - 8*d**2 - d - 10. Let h be v(-8). Let r be 4/(-14) - 2/(-7). Let t be r + (-2 - h*1). Determine c(t).
-1
Let d(u) = -1 + 4*u - 1 - 1. Let f = 10 - 13. Let r be (f - 3)/(-4 - -2). What is d(r)?
9
Suppose -2*g - 4 = -3*g. Let l(c) = -2 + 1 - 5*c + g*c + c**2 + 6*c. Calculate l(-6).
5
Let o(u) be the second derivative of -u**5/20 - 5*u**4/12 - u**3/3 - u**2 - 8*u. What is o(-5)?
8
Suppose 8*g + 4 = 10*g. Let f(p) be the first derivative of -1/2*p**g + 1 + 0*p - 1/3*p**3. Give f(-1).
0
Let z(d) = 2*d + 3. Let i be 30/(-20) - (-1)/2. Let w be ((-50)/10)/(0 - i). Give z(w).
-7
Let r(d) = -d**2 + 2*d - 2. Let v be r(2). Let o = -10 + 10. Let z(w) = 4*w**2 + o*w - w**2 + 3*w - 2*w. Give z(v).
10
Let j(x) = -x - 18. Suppose 17*s = -58 - 95. Calculate j(s).
-9
Let u(f) be the third derivative of -f**5/60 + f**4/12 - f**3/2 - 4*f**2. Let x be ((-6)/4)/((-2)/4). Calculate u(x).
-6
Suppose -4*h = 3 + 5. Let p(b) = b - 1. Determine p(h).
-3
Let d(k) = -2*k**3 - 1. Let f be d(1). Let x(w) = -w**3 - w**2 + 5*w + 3. Determine x(f).
6
Let s be (-66)/(-4) - 21/14. Let y be (20/s)/(4/6). Let o(r) = -y - 5 + 3 - r**3. Determine o(0).
-4
Let v(g) = 3*g - 6 + 0*g + 2 + 1. What is v(-3)?
-12
Let z be (2 - 5)/(-3)*0. Suppose -3*d - 2 = -z*d + 5*o, d = o + 2. Let g(f) = -5*f**2 + f + 3*f**2 - 3*f**3 + 11*f**3. Calculate g(d).
7
Suppose -2*w + w = -6. Let p(h) = -h**3 + 8 + 7*h**2 - 2*h**3 + 8*h**3 - 9*h - 6*h**3. Calculate p(w).
-10
Suppose 5 = 3*j - 2*j. Suppose -4*v - v = j. Let g(q) = q**2 - q - 1. Let l(k) = -3*k**3 - 5*k**2